ple of 10?
True
Is 17 a factor of 2225?
False
Is 8 a factor of 156920?
True
Is 739 a multiple of 11?
False
Does 9 divide 1165?
False
Is 10165 a multiple of 44?
False
Does 8 divide 7874?
False
Is 4 a factor of 1122?
False
Is 17 a factor of 680?
True
Does 21 divide 5334?
True
Is 13 a factor of 49?
False
Does 35 divide 456?
False
Is 38 a multiple of 5?
False
Is 3321 a multiple of 41?
True
Is 5026 a multiple of 14?
True
Is 2323 a multiple of 101?
True
Is 2 a factor of 22?
True
Is 23 a factor of 158?
False
Is 15 a factor of 3231?
False
Does 8 divide 11482?
False
Does 30 divide 2670?
True
Does 46 divide 2760?
True
Is 155 a factor of 24985?
False
Is 31 a factor of 93?
True
Is 15 a factor of 460?
False
Is 95 a factor of 10925?
True
Is 11 a factor of 1784?
False
Does 36 divide 2979?
False
Does 31 divide 2820?
False
Is 424 a multiple of 12?
False
Is 20 a factor of 18981?
False
Is 197 even?
False
Is 15803 a multiple of 57?
False
Is 12 a multiple of 12?
True
Is 9912 a multiple of 28?
True
Is 14065 a multiple of 145?
True
Is 9 a factor of 117?
True
Is 352 a multiple of 22?
True
Does 38 divide 13832?
True
Does 19 divide 3658?
False
Is 15 a factor of 26090?
False
Does 35 divide 4663?
False
Is 20 a factor of 21220?
True
Is 1319 a multiple of 39?
False
Is 43 a factor of 2365?
True
Is 34 a factor of 21896?
True
Is 36 a factor of 722?
False
Does 73 divide 15767?
False
Does 93 divide 18879?
True
Is 2301 a multiple of 13?
True
Is 90 a factor of 482?
False
Does 99 divide 25344?
True
Does 12 divide 830?
False
Is 3401 a multiple of 52?
False
Is 4 a factor of 320?
True
Is 160 a multiple of 32?
True
Does 16 divide 10080?
True
Does 7 divide 2198?
True
Is 106 a factor of 7738?
True
Does 16 divide 45?
False
Is 29 a factor of 1131?
True
Is 97 a factor of 10670?
True
Is 30846 a multiple of 291?
True
Is 2145 a multiple of 36?
False
Is 24 a factor of 20808?
True
Does 205 divide 9948?
False
Is 17 a factor of 1079?
False
Is 85 a factor of 15300?
True
Is 25 a factor of 2325?
True
Is 4140 a multiple of 3?
True
Is 75 a factor of 300?
True
Is 12 a factor of 120924?
True
Is 7665 a multiple of 35?
True
Is 29 a multiple of 5?
False
Is 12 a factor of 68487?
False
Does 9 divide 513?
True
Does 19 divide 464?
False
Is 11 a factor of 275?
True
Does 154 divide 3448?
False
Is 43 a factor of 1008?
False
Does 13 divide 29013?
False
Is 7 a factor of 2458?
False
Is 67247 a multiple of 49?
False
Is 13 a factor of 1844?
False
Is 139 a factor of 560?
False
Does 13 divide 11058?
False
Is 73435 a multiple of 54?
False
Does 9 divide 288?
True
Does 342 divide 39672?
True
Is 96 a factor of 24288?
True
Does 33 divide 17194?
False
Is 11 a factor of 1034?
True
Does 25 divide 89006?
False
Is 4085 a multiple of 95?
True
Is 19 a factor of 21439?
False
Does 409 divide 40102?
False
Is 46 a factor of 1051?
False
Is 672 a multiple of 56?
True
Is 21 a factor of 5030?
False
Does 254 divide 1436?
False
Is 399 a factor of 29006?
False
Does 226 divide 24634?
True
Does 36 divide 684?
True
Does 58 divide 791?
False
Is 2370 a multiple of 123?
False
Is 95 a factor of 16530?
True
Is 35614 a multiple of 8?
False
Does 17 divide 731?
True
Is 5 a factor of 615?
True
Is 14 a factor of 50?
False
Is 814 a multiple of 26?
False
Is 17 a factor of 748?
True
Is 327 a factor of 73902?
True
Is 62850 a multiple of 15?
True
Is 70302 a multiple of 9?
False
Is 11 a factor of 151?
False
Is 24 a factor of 171741?
False
Is 414 a multiple of 69?
True
Is 27 a factor of 4482?
True
Is 1820 a multiple of 14?
True
Does 11 divide 44726?
True
Is 2445 a multiple of 4?
False
Is 65 a factor of 8519?
False
Is 5 a factor of 260?
True
Is 3195 a multiple of 115?
False
Is 6486 a multiple of 6?
True
Is 4125 a multiple of 15?
True
Is 1130 a multiple of 10?
True
Is 36 a multiple of 12?
True
Is 239 a multiple of 4?
False
Is 1648 a multiple of 13?
False
Is 1352 a multiple of 5?
False
Is 3 a factor of 22?
False
Is 4818 a multiple of 66?
True
Does 8 divide 3639?
False
Does 10 divide 5050?
True
Does 3 divide 1249?
False
Does 108 divide 23763?
False
Is 3834 a multiple of 33?
False
Is 963 a multiple of 9?
True
Does 292 divide 30031?
False
Is 1736 a multiple of 33?
False
Is 42 a factor of 1949?
False
Does 41 divide 2091?
True
Is 5 a factor of 4827?
False
Does 12 divide 29?
False
Does 121 divide 49959?
False
Is 9 a factor of 67?
False
Is 114 a factor of 21888?
True
Is 11449 a multiple of 35?
False
Is 25 a factor of 1050?
True
Does 8 divide 536?
True
Is 210 a multiple of 15?
True
Is 81 a factor of 7857?
True
Is 14 a factor of 5977?
False
Does 151 divide 105096?
True
Does 87 divide 4729?
False
Is 568 a multiple of 15?
False
Is 40 a factor of 1655?
False
Is 50 a multiple of 4?
False
Does 21 divide 54014?
False
Is 50 a factor of 2367?
False
Is 143197 a multiple of 37?
False
Is 4547 a multiple of 7?
False
Is 4 a factor of 21?
False
Is 8 a factor of 2851?
False
Is 18 a factor of 1836?
True
Does 59 divide 24596?
False
Is 303 a factor of 3333?
True
Is 13 a factor of 3407?
False
Is 4282 a multiple of 81?
False
Does 17 divide 24023?
False
Is 18 a factor of 1351?
False
Is 62 a factor of 1488?
True
Is 20 a factor of 16940?
True
Is 1069 a multiple of 21?
False
Is 35 a factor of 4610?
False
Is 62844 a multiple of 12?
True
Does 4 divide 1084?
True
Is 57 a factor of 20406?
True
Is 29214 a multiple of 71?
False
Is 43 a factor of 33554?
False
Is 24 a factor of 1296?
True
Is 7 a factor of 168?
True
Is 30 a factor of 37800?
True
Is 3132 a multiple of 126?
False
Does 275 divide 42928?
False
Does 23 divide 1196?
True
Does 20 divide 13991?
False
Is 19 a factor of 18183?
True
Is 27 a factor of 7955?
False
Is 689 a multiple of 9?
False
Is 62 a factor of 1549?
False
Is 30888 a multiple of 216?
True
Is 473 a factor of 179267?
True
Is 93526 a multiple of 101?
True
Is 12353 a multiple of 11?
True
Does 13 divide 11279?
False
Does 8 divide 704?
True
Is 646 a multiple of 22?
False
Is 17 a factor of 2703?
True
Is 2227 a multiple of 17?
True
Does 13 divide 23127?
True
Does 72 divide 2376?
True
Does 68 divide 18995?
False
Is 26 a factor of 8684?
True
Does 18 divide 1317?
False
Is 3240 a multiple of 135?
True
Is 5 a factor of 17212?
False
Is 73 a multiple of 37?
False
Is 369 a multiple of 10?
False
Is 324 a multiple of 108?
True
Is 12 a factor of 773?
False
Does 4 divide 28040?
True
Is 551 a multiple of 38?
False
Is 72 a factor of 31457?
False
Is 4320 a multiple of 18?
True
Is 3222 a multiple of 53?
False
Is 5 a factor of 3180?
True
Is 7798 a multiple of 20?
False
Is 2 a factor of 1376?
True
Is 61 a factor of 49532?
True
Does 23 divide 253?
True
Is 4 a factor of 7948?
True
Does 13 divide 609?
False
Does 47 divide 66?
False
Is 43 a factor of 4988?
True
Is 15 a factor of 44?
False
Is 3 a factor of 822?
True
Is 10496 a multiple of 8?
True
Is 343 a multiple of 6?
False
Does 37 divide 37311?
False
Is 4088 a multiple of 14?
True
Is 33728 a multiple of 124?
True
Is 56571 a multiple of 68?
False
Does 9 divide 51057?
True
Is 14 a factor of 143?
False
Is 17550 a multiple of 39?
True
Does 5 divide 1975?
True
Is 7 a factor of 175?
True
Is 962 a multiple of 97?
False
Is 560 a multiple of 4?
True
Is 144 a factor of 5472?
True
Is 14 a factor of 2674?
True
Is 3518 a multiple of 30?
False
Is 64 a factor of 3523?
False
Does 4 divide 140?
True
Is 120 a multiple of 16?
False
Is 42379 a multiple of 107?
False
Does 24 divide 5304?
True
Does 15 divide 3285?
True
Does 41 divide 8979?
True
Is 6 a factor of 216?
True
Is 16 a factor of 1976?
False
Does 53 divide 2226?
True
Is 357 a multiple of 21?
True
Is 16 a factor of 10064?
True
Is 73 a factor of 2774?
True
Does 36 divide 44142?
False
Is 256 a multiple of 8?
True
Is 3096 a multiple of 8?
True
Is 9 a factor of 43155?
True
Is 113 even?
False
Is 308 a multiple of 7?
True
Is 116 a multiple of 10?
False
Does 10 divide 5340?
True
Is 896 a multiple of 32?
True
Does 5 divide 35?
True
Is 215 a multiple of 63?
False
Is 21572 a multiple of 8?
False
Is 12815 a multiple of 143?
False
Does 64 divide 768?
True
Does 29 divide 644?
False
Is 64 a factor of 2654?
False
Is 12 a factor of 40572?
True
Is 376 a multiple of 47?
True
Does 7 divide 794?
False
Is 15 a factor of 23775?
True
Is 696 a multiple of 24?
True
Is 1170 a multiple of 10?
True
Is 51 a factor of 3570?
True
Does 6 divide 371?
Fal